r when 474 is divided by c?
12
Suppose -305 = -4*l - m, 3*l - m = 50 + 177. Calculate the remainder when l is divided by 13.
11
Let c be 11/3 + (-32)/48. Suppose 0 - 2 = 2*a, -4*a = -c*h + 76. Let f = 37 - h. What is the remainder when f is divided by 4?
1
Let w(i) = -i**2 + 12*i + 15. Let n be w(13). Suppose 2*f = -n*f + 368. Suppose 258 = 5*g - f. Calculate the remainder when g is divided by 18.
16
Let k(d) = 2*d - 11. Let z be k(8). Calculate the remainder when (z/(-5))/(3/3) - -52 is divided by 1/(2 - 3) - -14.
12
Suppose 8*m - 3*m - 280 = 4*q, -3*q = m - 37. Let c(f) = -f**2 - 5*f + 7. Calculate the remainder when m/6*(7 + -4) is divided by c(-5).
5
Let m(h) = h + 7. Suppose -20 = -45*x + 41*x. What is the remainder when 142 is divided by m(x)?
10
Let g(w) = -71*w - 48. Calculate the remainder when g(-6) is divided by 96.
90
Suppose -36*p = -15*p - 9177. What is the remainder when p is divided by 26?
21
Suppose -x - 2*j + 228 = 0, -69*x + 694 = -66*x + 4*j. Calculate the remainder when x is divided by 12.
10
What is the remainder when 20/30 - (-577)/3 is divided by 39?
37
What is the remainder when ((-2)/(-1) - -48)/1 is divided by (-15)/105*(-35)/15*57?
12
Calculate the remainder when 184 is divided by (-37 - -36) + (28 - 0).
22
Let a = 29 - 17. Let l be 3*((-112)/a)/(-2). Suppose 0 = -4*i - 3*d + 47, 7*i - 4*i - l = 2*d. Calculate the remainder when i is divided by 5.
3
Let z(k) = 3*k + 12. Suppose -2*c - 4*i + 3*i = -3, -5*c - 3*i + 5 = 0. What is the remainder when 117 is divided by z(c)?
21
Calculate the remainder when (-4476)/(-7) - 57/133 is divided by 80.
79
Let q = 88 + -39. Suppose q*n - 50*n = -9. What is the remainder when (5 - 2)/3 + 13 is divided by n?
5
Suppose -h = -5*u + 4*h - 15, -4*u = -h + 3. Suppose -2*a = 4*c - 41 - 95, u = -a - 3*c + 69. What is the remainder when a is divided by 23?
20
Suppose 0 = -53*b + 51*b + 60. Calculate the remainder when 148 is divided by b.
28
Suppose 0 = -2*v - 10 + 72. Let j be (48/56)/((-1)/7). Calculate the remainder when v is divided by (4/j)/((-20)/330).
9
Suppose -4*k - 119 = 5*m - 5*k, -5*m - 123 = -2*k. Let q = 54 + m. What is the remainder when 60 is divided by q?
29
Suppose -23*l = -27*l + 288. Calculate the remainder when l is divided by 25.
22
Let l(q) = 2*q**2 - 58*q + 65. Let v be l(28). Let b(z) = z**3 - 9*z**2 + z + 12. Suppose 5*w - 3*w - 16 = 0. What is the remainder when b(v) is divided by w?
5
Suppose -7 = -3*j + 5. Suppose j*f - 448 = -0*f. Suppose -2*n + i = 3*i - f, 2*n = 4*i + 130. Calculate the remainder when n is divided by 15.
14
Let m(f) = -f**3 - 6*f**2 + f - 7. Let x(r) = -21*r - 2. Let j(v) = v**2 + 23*v - 1. Let n be j(-23). What is the remainder when m(-7) is divided by x(n)?
16
Let o = 26 + -84. Let h be o/12 - (-7)/(-42). Let q = h - -12. Calculate the remainder when q is divided by 3.
1
Let y = -773 - -787. What is the remainder when 234 is divided by y?
10
Let l = -5 - -17. Let f = 16 + -13. Calculate the remainder when l is divided by f.
0
Suppose -10*d + 4 + 176 = 0. What is the remainder when 194 is divided by d?
14
Let l(b) = 2*b**2 - 15*b + 11. Let g be l(7). Suppose 32 + 8 = g*c. Let p(y) = -y**3 + 5*y**2 + 4*y - 2. Calculate the remainder when p(5) is divided by c.
8
Suppose 6*i = -1070 + 1190. What is the remainder when 59 is divided by i?
19
What is the remainder when (43/3)/((-3)/(-27)) is divided by 15?
9
Let z(k) = -k**3 - 28*k**2 + 29*k + 26. Let f be z(-29). Let u = 139 + f. What is the remainder when u is divided by 7?
4
What is the remainder when (4 - 3)/(2/46) is divided by (-2)/(-4) + (-63)/(-18)?
3
Suppose 3*d = -3*b + 165, 34*d + 5*b = 30*d + 217. Calculate the remainder when d is divided by 12.
10
Let o(z) = -z**3 + 6*z**2 + 10*z - 7. Let p(x) be the second derivative of x**4/12 - x**3/6 - x**2/2 + x. Calculate the remainder when p(-6) is divided by o(7).
13
Let b = 326 + -315. Calculate the remainder when 192 is divided by b.
5
Let z(d) = -d**3 + 6*d**2 - 4*d + 21. What is the remainder when z(4) is divided by 4?
1
Let n(v) = -v**3 + 11*v**2 + 13*v - 10. Let d be n(12). Suppose 3*t = y + 8*t - 26, 3*y - 4*t = d. What is the remainder when 348/10 - (-2)/10 is divided by y?
5
Suppose 0 = -5*b - q + 206, -3*b + 5*q = -6*b + 106. Calculate the remainder when b is divided by 12.
6
Let z be (-6)/(-12)*(25 - -1). Let h = z - 8. Let c = 6 - -6. What is the remainder when c is divided by h?
2
What is the remainder when 23 is divided by 13 + -2 - (-53 + 59)?
3
Let m = 3012 - 1373. What is the remainder when m is divided by 137?
132
Let d(n) = -n**2 + 6*n + 7. Let t = -84 - -86. Suppose 0 = t*u + 9*u - 198. What is the remainder when u is divided by d(6)?
4
Suppose -5*d + 3*d + 200 = 0. Let q = -85 + d. What is the remainder when q is divided by 6?
3
Suppose -3*g + 44 + 12 = 5*p, -4*p + 58 = 3*g. Calculate the remainder when 437 is divided by g.
19
Let n(o) = -10*o + 27. What is the remainder when n(-7) is divided by 17?
12
Suppose 32*y - 23*y - 234 = 0. Calculate the remainder when 97 is divided by y.
19
Suppose -v = -303 + 117. What is the remainder when v is divided by 48?
42
Let h be (-16)/40 + 53/(-5). Let k = 16 + h. Suppose k*a - 83 = -23. What is the remainder when 23 is divided by a?
11
Suppose -2*b + 4*a - 3 = -7, -3*b - 3*a + 6 = 0. Suppose 0 = 3*v - v + 4, -b*j + v + 100 = 0. What is the remainder when j is divided by 13?
10
Let l(k) = -k**3 + k**2 + 6*k + 13. Calculate the remainder when 38 is divided by l(0).
12
Let h(b) = 19*b**2 - 2*b. Let a be h(-1). Suppose -a = -4*i + 2*i - 5*s, -i + 8 = 5*s. Calculate the remainder when 192 is divided by i.
10
Suppose 4*f = 5*c - 536, f + 44 = c - 63. Calculate the remainder when 647 is divided by c.
107
Suppose 0 = 4*k + 24, -37 = -t - 6*k + 4*k. Let s(u) = u**2 + 5*u + 2. What is the remainder when t is divided by s(-8)?
23
What is the remainder when 47 is divided by (-78)/(-9) - -15*5/(-45)?
5
Suppose 4*c = -0*c + 2*p + 158, -2*p = 6. What is the remainder when 148 is divided by c?
34
What is the remainder when 28 is divided by (-4 - -5)/(6 - 7) + 12?
6
Let o = -188 + 227. Calculate the remainder when o is divided by 26.
13
Let d = -247 + 273. Calculate the remainder when d is divided by 7.
5
Suppose -26*q = -441 + 103. Calculate the remainder when ((-72)/10)/((-5)/25) is divided by q.
10
Let q be (-1 - -6)/(-1 + 2). Suppose 0 = 3*o - 3*j + q*j - 150, j + 189 = 4*o. What is the remainder when o is divided by 26?
22
Let h(t) = -t**3 - 7*t**2 - 4*t + 8. What is the remainder when 68 is divided by h(-7)?
32
Suppose 14*f - 11*f - 6 = 0. Suppose 2*k - h - 51 = 6, -f*k + 4*h + 66 = 0. What is the remainder when k is divided by 7?
6
Let i(d) = d**2 - 2*d + 2*d + 3. Let j = -1930 + 1940. What is the remainder when i(6) is divided by j?
9
Let c = -27 - -13. Let s(y) = -y**3 - 15*y**2 - 15*y - 9. What is the remainder when 39 is divided by s(c)?
4
Let h = -17 - -42. Suppose -9 = v - h. Suppose 2*f + 3*c = 4*f - 92, -5*c = 4*f - 162. Calculate the remainder when f is divided by v.
11
Let z = -5 + 8. Suppose 2*o = z*y + 14, -y = -o - 3*y. Suppose -o*p + 378 + 142 = 0. What is the remainder when p is divided by 33?
31
Suppose 0 = -5*j + 31 + 39. What is the remainder when j is divided by 6?
2
Let p(b) = -93*b**3 + 2*b**2 - 2. Calculate the remainder when 288 is divided by p(-1).
9
Let n = 19 - 14. Suppose 191 = n*q + 66. What is the remainder when 10/25 - 228/(-5) is divided by q?
21
Let c(z) = z**2. Let f = -4 - -4. Let q be c(f). Suppose q = -5*u + 3*v + 108, 0 = -3*v - 2*v - 5. What is the remainder when 82 is divided by u?
19
Let z = -4 + 7. Let k(j) = 3*j**3 - 3 - z - 7*j**3 - 2*j + 3. Calculate the remainder when k(-2) is divided by 18.
15
Let o(n) = 39*n - 87. Calculate the remainder when o(4) is divided by 7.
6
Let w = -22 - -25. Suppose -w*s + 4*v = 13 - 5, 10 = 2*v. Calculate the remainder when 8 is divided by s.
0
Let v(w) = -w**2 + 6*w + 14. Let b be v(6). Let m = b - -7. Suppose -2*s - 4*g = -43 - m, 0 = 3*s - 2*g - 72. Calculate the remainder when 103 is divided by s.
25
Let q(o) = -3*o - 2*o + 26 - 24. Let t be q(-3). Suppose -t = -3*i + 4. Calculate the remainder when i is divided by 3.
1
Let o be -4*(4 + (-75)/(-6)). Let z = 76 + o. Calculate the remainder when 24 is divided by